{"id":1177,"date":"2017-03-27T19:27:10","date_gmt":"2017-03-27T17:27:10","guid":{"rendered":"http:\/\/www.herrklubbenexotica.se\/?page_id=1177"},"modified":"2017-03-27T20:16:10","modified_gmt":"2017-03-27T18:16:10","slug":"medlemmar","status":"publish","type":"page","link":"https:\/\/www.herrklubbenexotica.se\/index.php\/medlemmar\/","title":{"rendered":"Medlemsregister"},"content":{"rendered":"\n<table id=\"tablepress-1\" class=\"tablepress tablepress-id-1\">\n<tbody class=\"row-striping row-hover\">\n<tr class=\"row-1\">\n\t<td class=\"column-1\"><img loading=\"lazy\" decoding=\"async\" src=\"https:\/\/www.herrklubbenexotica.se\/wp-content\/uploads\/2017\/03\/lindberg_new.jpg\" alt=\"Herr Lindberg\" width=\"225\" height=\"300\" class=\"alignleft size-full wp-image-19\" \/><\/td><td class=\"column-2\"><strong>Herr Robert Lindberg<\/strong><br \/>\nMedlem I<br \/>\nTitel: Kass\u00f6r, Barf\u00f6rest\u00e5ndare<br \/>\nInvald: Grundare Exotica<br \/>\nKontakt: <a href=\"mailto:lindberg@herrklubbenexotica.se\">lindberg@herrklubbenexotica.se<\/a><\/td>\n<\/tr>\n<tr class=\"row-2\">\n\t<td class=\"column-1\"><img loading=\"lazy\" decoding=\"async\" src=\"https:\/\/www.herrklubbenexotica.se\/wp-content\/uploads\/2017\/03\/johansson.jpg\" alt=\"Herr Johansson\" width=\"225\" height=\"300\" class=\"alignleft size-full wp-image-20\" \/><\/td><td class=\"column-2\"><strong>Herr Patrik Johansson<\/strong><br \/>\nMedlem III<br \/>\nTitel: Herr<br \/>\nInvald: Grundare Exotica<br \/>\nKontakt: <a href=\"mailto:johansson@herrklubbenexotica.se\">johansson@herrklubbenexotica.se<\/a><\/td>\n<\/tr>\n<tr class=\"row-3\">\n\t<td class=\"column-1\"><img decoding=\"async\" src=\"https:\/\/www.herrklubbenexotica.se\/wp-content\/uploads\/2017\/03\/hallgren_new.jpg\" alt=\"Herr Hallgren\" width=\"225\" class=\"alignleft size-full wp-image-21\" \/><\/td><td class=\"column-2\"> <strong>Herr Lars-Johan Hallgren<\/strong><br \/>\nMedlem IV<br \/>\nTitel: Valberedning<br \/>\nInvald: Grundare Exotica<br \/>\nKontakt: <a href=\"mailto:hallgren@herrklubbenexotica.se\">hallgren@herrklubbenexotica.se<\/a><\/td>\n<\/tr>\n<tr class=\"row-4\">\n\t<td class=\"column-1\"><img loading=\"lazy\" decoding=\"async\" src=\"https:\/\/www.herrklubbenexotica.se\/wp-content\/uploads\/2017\/03\/norlander_new.jpg\" alt=\"Herr Norlander\" width=\"225\" height=\"300\" class=\"alignleft size-full wp-image-22\" \/><\/td><td class=\"column-2\"><strong>Herr H\u00e5kan Norlander<\/strong><br \/>\nMedlem VI<br \/>\nTitel: Herr<br \/>\nInvald: oktober 1994<br \/>\nKontakt: <a href=\"mailto:norlander@herrklubbenexotica.se\">norlander@herrklubbenexotica.se<\/a><\/td>\n<\/tr>\n<tr class=\"row-5\">\n\t<td class=\"column-1\"><img loading=\"lazy\" decoding=\"async\" src=\"https:\/\/www.herrklubbenexotica.se\/wp-content\/uploads\/2017\/03\/b_gyllenskiold_new.jpg\" alt=\"Herr Gyllenski\u00f6ld den yngre\" width=\"225\" height=\"300\" class=\"alignleft size-full wp-image-24\" \/><\/td><td class=\"column-2\"><strong>Herr Bj\u00f6rn Gyllenski\u00f6ld<\/strong><br \/>\nMedlem X<br \/>\nTitel: Herr<br \/>\nInvald: mars 1995<br \/>\nKontakt: <a href=\"mailto:b.gyllenskiold@herrklubbenexotica.se\">b.gyllenskiold@herrklubbenexotica.se<\/a><\/td>\n<\/tr>\n<tr class=\"row-6\">\n\t<td class=\"column-1\"><img loading=\"lazy\" decoding=\"async\" src=\"https:\/\/www.herrklubbenexotica.se\/wp-content\/uploads\/2017\/03\/sjo_new.jpg\" alt=\"Herr Sj\u00f6\" width=\"225\" height=\"300\" class=\"alignleft size-full wp-image-25\" \/><\/td><td class=\"column-2\"><strong>Herr Bjarne Sj\u00f6<\/strong><br \/>\nMedlem XII<br \/>\nTitel: Vice Ordf\u00f6rande<br \/>\nInvald: april 1995<br \/>\nKontakt: <a href=\"mailto:sjo@herrklubbenexotica.se\">sjo@herrklubbenexotica.se<\/a><\/td>\n<\/tr>\n<tr class=\"row-7\">\n\t<td class=\"column-1\"><img decoding=\"async\" src=\"https:\/\/www.herrklubbenexotica.se\/wp-content\/uploads\/2017\/03\/guvek_new.jpg\" alt=\"Herr Guvek\" width=\"225\" class=\"alignleft size-full wp-image-513\" \/><\/td><td class=\"column-2\"><strong>Herr Fredrik Guvek<\/strong><br \/>\nMedlem XVIII<br \/>\nTitel: Valberedning<br \/>\nInvald: april 1998<br \/>\nKontakt: <a href=\"mailto:guvek@herrklubbenexotica.se\">guvek@herrklubbenexotica.se<\/a><\/td>\n<\/tr>\n<tr class=\"row-8\">\n\t<td class=\"column-1\"><img loading=\"lazy\" decoding=\"async\" src=\"https:\/\/www.herrklubbenexotica.se\/wp-content\/uploads\/2017\/03\/ugyllenskiold_new.jpg\" alt=\"Herr Gyllenski\u00f6ld den \u00e4ldre\" width=\"225\" height=\"300\" class=\"alignleft size-full wp-image-27\" \/><\/td><td class=\"column-2\"><strong>Herr Ulf Gyllenski\u00f6ld<\/strong><br \/>\nMedlem XIX<br \/>\nTitel: Herr<br \/>\nInvald: september 1999<br \/>\nKontakt: <a href=\"mailto:u.gyllenskiold@herrklubbenexotica.se\">u.gyllenskiold@herrklubbenexotica.se<\/a><\/td>\n<\/tr>\n<tr class=\"row-9\">\n\t<td class=\"column-1\"><img decoding=\"async\" src=\"https:\/\/www.herrklubbenexotica.se\/wp-content\/uploads\/2017\/03\/petersson_new.jpg\" alt=\"Herr Petersson\" width=\"225\" class=\"alignleft size-full wp-image-516\" \/><\/td><td class=\"column-2\"><strong>Herr Mattias Petersson<\/strong><br \/>\nMedlem XXVIII<br \/>\nTitel: Ordf\u00f6rande, Barf\u00f6rman<br \/>\nInvald: december 2002<br \/>\nKontakt: <a href=\"mailto:petersson@herrklubbenexotica.se\">petersson@herrklubbenexotica.se<\/a><\/td>\n<\/tr>\n<tr class=\"row-10\">\n\t<td class=\"column-1\"><img loading=\"lazy\" decoding=\"async\" src=\"https:\/\/www.herrklubbenexotica.se\/wp-content\/uploads\/2017\/03\/svensson.jpg\" alt=\"Herr Malmberg\" width=\"225\" height=\"300\" class=\"alignleft size-full wp-image-29\" \/><\/td><td class=\"column-2\"><strong>Herr Johan Malmberg<\/strong><br \/>\nMedlem XXIX<br \/>\nTitel: Herr<br \/>\nInvald: september 2005<br \/>\nKontakt: <a href=\"mailto:malmberg@herrklubbenexotica.se\">malmberg@herrklubbenexotica.se<\/a><\/td>\n<\/tr>\n<tr class=\"row-11\">\n\t<td class=\"column-1\"><img decoding=\"async\" src=\"https:\/\/www.herrklubbenexotica.se\/wp-content\/uploads\/2017\/03\/liikamaa_new.jpg\" alt=\"Herr Liikamaa\" width=\"225\"  class=\"alignleft size-full wp-image-515\" \/><\/td><td class=\"column-2\"><strong>Herr Daniel Liikamaa<\/strong><br \/>\nMedlem XXX<br \/>\nTitel: Qulturgeneral, IT-ansvarig<br \/>\nInvald: juni 2008<br \/>\nKontakt: <a href=\"mailto:liikamaa@herrklubbenexotica.se\">liikamaa@herrklubbenexotica.se<\/a><\/td>\n<\/tr>\n<tr class=\"row-12\">\n\t<td class=\"column-1\"><img decoding=\"async\" src=\"https:\/\/www.herrklubbenexotica.se\/wp-content\/uploads\/2019\/12\/andersjohansson.jpg\" alt=\"Herr Anders Johansson\" width=\"225\"  class=\"alignleft size-full wp-image-514\" \/><\/td><td class=\"column-2\"><strong>Herr Anders Johansson<\/strong><br \/>\nMedlem XXXII<br \/>\nTitel: Herr<br \/>\nInvald: mars 2019<br \/>\nKontakt: <a href=\"mailto:a.johansson@herrklubbenexotica.se\">a.johansson@herrklubbenexotica.se<\/a><\/td>\n<\/tr>\n<tr class=\"row-13\">\n\t<td class=\"column-1\"><img loading=\"lazy\" decoding=\"async\" src=\"https:\/\/www.herrklubbenexotica.se\/wp-content\/uploads\/2017\/03\/larsson.jpg\" alt=\"Herr Larsson\" width=\"225\" height=\"300\" class=\"alignleft size-full wp-image-22\" \/><\/td><td class=\"column-2\"><strong>Herr Dennis Larsson<\/strong><br \/>\nMedlem XXXIII<br \/>\nTitel: R\u00e5dgivare<br \/>\nInvald: december 2022<br \/>\nKontakt: <a href=\"mailto:dennis.larsson1980@hotmail.se\">larsson@herrklubbenexotica.se<\/a><\/td>\n<\/tr>\n<\/tbody>\n<\/table>\n<!-- #tablepress-1 from cache -->\n","protected":false},"excerpt":{"rendered":"","protected":false},"author":1,"featured_media":0,"parent":0,"menu_order":0,"comment_status":"closed","ping_status":"closed","template":"","meta":{"footnotes":""},"class_list":["post-1177","page","type-page","status-publish","hentry"],"_links":{"self":[{"href":"https:\/\/www.herrklubbenexotica.se\/index.php\/wp-json\/wp\/v2\/pages\/1177","targetHints":{"allow":["GET"]}}],"collection":[{"href":"https:\/\/www.herrklubbenexotica.se\/index.php\/wp-json\/wp\/v2\/pages"}],"about":[{"href":"https:\/\/www.herrklubbenexotica.se\/index.php\/wp-json\/wp\/v2\/types\/page"}],"author":[{"embeddable":true,"href":"https:\/\/www.herrklubbenexotica.se\/index.php\/wp-json\/wp\/v2\/users\/1"}],"replies":[{"embeddable":true,"href":"https:\/\/www.herrklubbenexotica.se\/index.php\/wp-json\/wp\/v2\/comments?post=1177"}],"version-history":[{"count":3,"href":"https:\/\/www.herrklubbenexotica.se\/index.php\/wp-json\/wp\/v2\/pages\/1177\/revisions"}],"predecessor-version":[{"id":1185,"href":"https:\/\/www.herrklubbenexotica.se\/index.php\/wp-json\/wp\/v2\/pages\/1177\/revisions\/1185"}],"wp:attachment":[{"href":"https:\/\/www.herrklubbenexotica.se\/index.php\/wp-json\/wp\/v2\/media?parent=1177"}],"curies":[{"name":"wp","href":"https:\/\/api.w.org\/{rel}","templated":true}]}}