{"id":42,"date":"2015-04-07T10:47:44","date_gmt":"2015-04-07T08:47:44","guid":{"rendered":"http:\/\/www.herrklubbenexotica.se\/index.php\/premiering\/"},"modified":"2018-10-01T08:51:58","modified_gmt":"2018-10-01T06:51:58","slug":"premiering","status":"publish","type":"page","link":"https:\/\/www.herrklubbenexotica.se\/index.php\/premiering\/","title":{"rendered":"Premiering"},"content":{"rendered":"<p style=\"max-width: 40em;\"><strong>Herrklubben Exotica, Malm\u00f6, startade sin verksamhet i Oktober 1994. Under de g\u00e5ngna \u00e5ren hur \u00e5tskilliga klubbm\u00e4sterskap, i allehanda sporter och aktiviteter, genomf\u00f6rts. Nedan finner ni samtliga Klubbm\u00e4stare sedan starten 1994.<\/strong><\/p>\n<p><strong>Klubbm\u00e4sterskap 2017<\/strong><\/p>\n<table style=\"table-layout: fixed;\" border=\"0\" width=\"600\" cellspacing=\"0\" cellpadding=\"0\">\n<colgroup>\n<col width=\"20\" \/>\n<col width=\"30\" \/>\n<col width=\"20\" \/> <\/colgroup>\n<tbody>\n<tr>\n<td>\n<div>7 juli 2017<\/div>\n<\/td>\n<td>\n<div>Herr Robert Lindberg<\/div>\n<\/td>\n<td>\n<div>Boule<\/div>\n<\/td>\n<\/tr>\n<\/tbody>\n<\/table>\n<p><strong>Klubbm\u00e4sterskap 2015<\/strong><\/p>\n<table style=\"table-layout: fixed;\" border=\"0\" width=\"600\" cellspacing=\"0\" cellpadding=\"0\">\n<colgroup>\n<col width=\"20\" \/>\n<col width=\"30\" \/>\n<col width=\"20\" \/> <\/colgroup>\n<tbody>\n<tr>\n<td>\n<div>10 okt 15<\/div>\n<\/td>\n<td>\n<div>Herr Lars-Johan Hallgren<\/div>\n<\/td>\n<td>\n<div>Skytte<\/div>\n<\/td>\n<\/tr>\n<\/tbody>\n<\/table>\n<p><strong>Klubbm\u00e4sterskap 2014<\/strong><\/p>\n<table style=\"table-layout: fixed;\" border=\"0\" width=\"600\" cellspacing=\"0\" cellpadding=\"0\">\n<colgroup>\n<col width=\"20\" \/>\n<col width=\"30\" \/>\n<col width=\"20\" \/> <\/colgroup>\n<tbody>\n<tr>\n<td>\n<div>17 jan 14<\/div>\n<\/td>\n<td>\n<div>Herr Robert Lindberg<\/div>\n<\/td>\n<td>\n<div>Bordshockey<\/div>\n<\/td>\n<\/tr>\n<\/tbody>\n<\/table>\n<p><strong>Klubbm\u00e4sterskap 2013<\/strong><\/p>\n<table style=\"table-layout: fixed;\" border=\"0\" width=\"600\" cellspacing=\"0\" cellpadding=\"0\">\n<colgroup>\n<col width=\"20\" \/>\n<col width=\"30\" \/>\n<col width=\"20\" \/> <\/colgroup>\n<tbody>\n<tr>\n<td>\n<div>5 jul 13<\/div>\n<\/td>\n<td>\n<div>Herr Bjarne Sj\u00f6<\/div>\n<\/td>\n<td>\n<div>Boule<\/div>\n<\/td>\n<\/tr>\n<\/tbody>\n<\/table>\n<p><strong>Klubbm\u00e4sterskap 2012<\/strong><\/p>\n<div>\n<table style=\"table-layout: fixed;\" border=\"0\" width=\"600\" cellspacing=\"0\" cellpadding=\"0\">\n<colgroup>\n<col width=\"20\" \/>\n<col width=\"30\" \/>\n<col width=\"20\" \/> <\/colgroup>\n<tbody>\n<tr>\n<td>\n<div>6 jul 12<\/div>\n<\/td>\n<td>\n<div>Herr Peter J\u00f6nsson<\/div>\n<\/td>\n<td>\n<div>Boule<\/div>\n<\/td>\n<\/tr>\n<tr>\n<td>\n<div>27 okt 12<\/div>\n<\/td>\n<td>\n<div>Herr H\u00e5kan Norlander<\/div>\n<\/td>\n<td>\n<div>Virtuellt slagsm\u00e5l<\/div>\n<\/td>\n<\/tr>\n<\/tbody>\n<\/table>\n<p><strong>Klubbm\u00e4sterskap 2011<\/strong><\/p>\n<div>\n<table style=\"table-layout: fixed;\" border=\"0\" width=\"600\" cellspacing=\"0\" cellpadding=\"0\">\n<colgroup>\n<col width=\"20\" \/>\n<col width=\"30\" \/>\n<col width=\"20\" \/> <\/colgroup>\n<tbody>\n<tr>\n<td>\n<div>28 maj 11<\/div>\n<\/td>\n<td>\n<div>Herr Bj\u00f6rn Gyllenski\u00f6ld<\/div>\n<\/td>\n<td>\n<div>H\u00f6gh\u00f6jdsbana<\/div>\n<\/td>\n<\/tr>\n<\/tbody>\n<\/table>\n<p><strong>Klubbm\u00e4sterskap 2010<\/strong><\/p>\n<div>\n<table style=\"table-layout: fixed;\" border=\"0\" width=\"600\" cellspacing=\"0\" cellpadding=\"0\">\n<colgroup>\n<col width=\"20\" \/>\n<col width=\"30\" \/>\n<col width=\"20\" \/> <\/colgroup>\n<tbody>\n<tr>\n<td>\n<div>15 Jan 10<br \/>\n2 Jul 10<br \/>\n4 Sep 10<br \/>\n19 Nov 10<\/div>\n<\/td>\n<td>\n<div>Herr Patrik Johansson<br \/>\nHerr Johan Svensson<br \/>\nHerr Patrik Johansson<br \/>\nHerr Mattias Petersson<\/div>\n<\/td>\n<td>\n<div>Bordshockey<br \/>\nBoule<br \/>\n\u00d6lh\u00e4vning<br \/>\nBiljard<\/div>\n<\/td>\n<\/tr>\n<\/tbody>\n<\/table>\n<div><\/div>\n<p><strong>Klubbm\u00e4sterskap 2009<\/strong><\/p>\n<div>\n<table style=\"table-layout: fixed;\" border=\"0\" width=\"600\" cellspacing=\"0\" cellpadding=\"0\">\n<colgroup>\n<col width=\"20\" \/>\n<col width=\"30\" \/>\n<col width=\"20\" \/> <\/colgroup>\n<tbody>\n<tr>\n<td>\n<div>13 Apr 09<br \/>\n13 Jul 09<\/div>\n<\/td>\n<td>\n<div>Herr Mattias Petersson<br \/>\nHerr Johan Svensson<\/div>\n<\/td>\n<td>\n<div>Fr\u00e5gesport<br \/>\nBoule<\/div>\n<\/td>\n<\/tr>\n<\/tbody>\n<\/table>\n<\/div>\n<div><\/div>\n<p>&nbsp;<\/p>\n<p><strong>Klubbm\u00e4sterskap 2008<\/strong><\/p>\n<div><\/div>\n<div>\n<table style=\"table-layout: fixed;\" border=\"0\" width=\"600\" cellspacing=\"0\" cellpadding=\"0\">\n<colgroup>\n<col width=\"20\" \/>\n<col width=\"30\" \/>\n<col width=\"20\" \/> <\/colgroup>\n<tbody>\n<tr>\n<td>\n<div>4 Jul 08<\/div>\n<div>20 Sep 08<\/div>\n<\/td>\n<td>\n<div>Herr Lars-Johan Hallgren<\/div>\n<div>Herr Bj\u00f6rn Gyllenski\u00f6ld<\/div>\n<\/td>\n<td>\n<div>Boule<\/div>\n<div>Bangolf<\/div>\n<\/td>\n<\/tr>\n<\/tbody>\n<\/table>\n<\/div>\n<div><\/div>\n<div><\/div>\n<div><strong>Klubbm\u00e4sterskap 2007 <\/strong><\/div>\n<div><\/div>\n<div>\n<table style=\"table-layout: fixed;\" border=\"0\" width=\"600\" cellspacing=\"0\" cellpadding=\"0\">\n<colgroup>\n<col width=\"20\" \/>\n<col width=\"30\" \/>\n<col width=\"20\" \/> <\/colgroup>\n<tbody>\n<tr>\n<td>\n<div>27 Feb 07<\/div>\n<div>13 Apr 07<\/div>\n<\/td>\n<td>\n<div>Herr Robert Lindberg<\/div>\n<div>Herr Fredrik Ehrenstr\u00e5le<\/div>\n<\/td>\n<td>\n<div>Bordshockey<\/div>\n<div>Biljard<\/div>\n<\/td>\n<\/tr>\n<\/tbody>\n<\/table>\n<\/div>\n<div><\/div>\n<div><\/div>\n<div><strong>Klubbm\u00e4sterskap 2006<\/strong><\/div>\n<div><\/div>\n<div>\n<table style=\"table-layout: fixed;\" border=\"0\" width=\"600\" cellspacing=\"0\" cellpadding=\"0\">\n<colgroup>\n<col width=\"20\" \/>\n<col width=\"30\" \/>\n<col width=\"20\" \/> <\/colgroup>\n<tbody>\n<tr>\n<td>\n<div>14 Jan 06<\/div>\n<div>7 Jul 06<\/div>\n<\/td>\n<td>\n<div>Herr Bj\u00f6rn Gyllenski\u00f6ld<\/div>\n<div>Herr Patrik Johansson<\/div>\n<\/td>\n<td>\n<div>Badminton<\/div>\n<div>Boule<\/div>\n<\/td>\n<\/tr>\n<\/tbody>\n<\/table>\n<\/div>\n<div><\/div>\n<div><\/div>\n<div><strong>Klubbm\u00e4sterskap 2005<\/strong><\/div>\n<div><\/div>\n<div>\n<table style=\"table-layout: fixed;\" border=\"0\" width=\"600\" cellspacing=\"0\" cellpadding=\"0\">\n<colgroup>\n<col width=\"20\" \/>\n<col width=\"30\" \/>\n<col width=\"20\" \/> <\/colgroup>\n<tbody>\n<tr>\n<td>\n<div>5 Mar 05<\/div>\n<div>1 Jul 05<\/div>\n<div>14 Okt 05<\/div>\n<div>26 Nov 05<\/div>\n<\/td>\n<td>\n<div>Herr Fredrik Ehrenstr\u00e5le<\/div>\n<div>Herr Bjarne Sj\u00f6<\/div>\n<div>Herr Fredrik Guvek<\/div>\n<div>Herr Robert Lindberg<\/div>\n<\/td>\n<td>\n<div>F\u00e4ktning<\/div>\n<div>Boule<\/div>\n<div>Bowling<\/div>\n<div>Bordshockey<\/div>\n<\/td>\n<\/tr>\n<\/tbody>\n<\/table>\n<\/div>\n<div><\/div>\n<div><\/div>\n<div><strong>Klubbm\u00e4sterskap 2004<\/strong><\/div>\n<div><\/div>\n<div>\n<table style=\"table-layout: fixed;\" border=\"0\" width=\"600\" cellspacing=\"0\" cellpadding=\"0\">\n<colgroup>\n<col width=\"20\" \/>\n<col width=\"30\" \/>\n<col width=\"20\" \/> <\/colgroup>\n<tbody>\n<tr>\n<td>\n<div>17 Apr 04<\/div>\n<div>2 Jul 04<\/div>\n<div>10 Aug 04<\/div>\n<div>29 Okt 04<\/div>\n<\/td>\n<td>\n<div>Herr G\u00f6ran Bengtsson<\/div>\n<div>Herr Fredrik Ehrenstr\u00e5le<\/div>\n<div>Herr H\u00e5kan Norlander<\/div>\n<div>Herr Lars-Johan Hallgren<\/div>\n<\/td>\n<td>\n<div>Bordshockey<\/div>\n<div>Boule<\/div>\n<div>Bangolf<\/div>\n<div>Bowling<\/div>\n<\/td>\n<\/tr>\n<\/tbody>\n<\/table>\n<\/div>\n<div><\/div>\n<div><\/div>\n<div><strong>Klubbm\u00e4sterskap 2003<\/strong><\/div>\n<div><\/div>\n<div>\n<table style=\"table-layout: fixed;\" border=\"0\" width=\"600\" cellspacing=\"0\" cellpadding=\"0\">\n<colgroup>\n<col width=\"20\" \/>\n<col width=\"30\" \/>\n<col width=\"20\" \/> <\/colgroup>\n<tbody>\n<tr>\n<td>\n<div>18 Jan 03<\/div>\n<div>25 Apr 03<\/div>\n<div>27 Jun 03<\/div>\n<div>14 Nov 03<\/div>\n<\/td>\n<td>\n<div>Herr Fredrik Guvek<\/div>\n<div>Herr Robert Lindberg<\/div>\n<div>Herr G\u00f6ran Bengtsson<\/div>\n<div>Herr Lars-Johan Hallgren<\/div>\n<\/td>\n<td>\n<div>Skytte<\/div>\n<div>Bordshockey<\/div>\n<div>Boule<\/div>\n<div>Dart<\/div>\n<\/td>\n<\/tr>\n<\/tbody>\n<\/table>\n<\/div>\n<div><\/div>\n<div><\/div>\n<div><strong>Klubbm\u00e4sterskap 2002<\/strong><\/div>\n<div><\/div>\n<div>\n<table style=\"table-layout: fixed;\" border=\"0\" width=\"600\" cellspacing=\"0\" cellpadding=\"0\">\n<colgroup>\n<col width=\"20\" \/>\n<col width=\"30\" \/>\n<col width=\"20\" \/> <\/colgroup>\n<tbody>\n<tr>\n<td>\n<div>2 Mar 02<\/div>\n<div>10 Maj 02<\/div>\n<div>26 Jun 02<\/div>\n<div>15 Nov 02<\/div>\n<\/td>\n<td>\n<div>Herr H\u00e5kan Norlander<\/div>\n<div>Herr Robert Lindberg<\/div>\n<div>Herr Ulf Gyllenski\u00f6ld<\/div>\n<div>Herr Bj\u00f6rn Gyllenski\u00f6ld<\/div>\n<\/td>\n<td>\n<div>Bordshockey<\/div>\n<div>Boule<\/div>\n<div>Bangolf<\/div>\n<div>Bowling<\/div>\n<\/td>\n<\/tr>\n<\/tbody>\n<\/table>\n<\/div>\n<div><\/div>\n<div><\/div>\n<div><strong>Klubbm\u00e4sterskap 2001<\/strong><\/div>\n<div><\/div>\n<div>\n<table style=\"table-layout: fixed;\" border=\"0\" width=\"600\" cellspacing=\"0\" cellpadding=\"0\">\n<colgroup>\n<col width=\"20\" \/>\n<col width=\"30\" \/>\n<col width=\"20\" \/> <\/colgroup>\n<tbody>\n<tr>\n<td>\n<div>9 Feb 01<\/div>\n<div>21 Feb 01<\/div>\n<div>30 Mar 01<\/div>\n<div>4 Jun 01<\/div>\n<div>21 Aug 01<\/div>\n<div>9 Nov 01<\/div>\n<\/td>\n<td>\n<div>Herr Per Jansson<\/div>\n<div>Herr Fredrik Ehrenstr\u00e5le<\/div>\n<div>Herr Bj\u00f6rn Gyllenski\u00f6ld<\/div>\n<div>Herr Ulf Gyllenski\u00f6ld<\/div>\n<div>Herr Patrik Johansson<\/div>\n<div>Herr Robert Lindberg<\/div>\n<\/td>\n<td>\n<div>Bordshockey<\/div>\n<div>Gocart<\/div>\n<div>Bowling<\/div>\n<div>Bangolf<\/div>\n<div>Krocket<\/div>\n<div>Biljard<\/div>\n<\/td>\n<\/tr>\n<\/tbody>\n<\/table>\n<\/div>\n<div><\/div>\n<div><\/div>\n<div><strong>Klubbm\u00e4sterskap 2000<\/strong><\/div>\n<div><\/div>\n<div>\n<table style=\"table-layout: fixed;\" border=\"0\" width=\"600\" cellspacing=\"0\" cellpadding=\"0\">\n<colgroup>\n<col width=\"20\" \/>\n<col width=\"30\" \/>\n<col width=\"20\" \/> <\/colgroup>\n<tbody>\n<tr>\n<td>\n<div>19 Feb 00<\/div>\n<div>1 Apr 00<\/div>\n<div>26 Maj 00<\/div>\n<div>20 Jun 00<\/div>\n<div>28 Jul 00<\/div>\n<div>20 Sep 00<\/div>\n<\/td>\n<td>\n<div>Herr Patrik Johansson<\/div>\n<div>Herr Fredrik Ehrenstr\u00e5le<\/div>\n<div>Herr Bj\u00f6rn Gyllenski\u00f6ld<\/div>\n<div>Herr H\u00e5kan Norlander<\/div>\n<div>Herr Patrik Johansson<\/div>\n<div>Herr H\u00e5kan Norlander<\/div>\n<\/td>\n<td>\n<div>Bordshockey<\/div>\n<div>Luftgev\u00e4r<\/div>\n<div>Boule<\/div>\n<div>Bangolf<\/div>\n<div>Krocket<\/div>\n<div>Dart<\/div>\n<\/td>\n<\/tr>\n<\/tbody>\n<\/table>\n<\/div>\n<div><\/div>\n<div><\/div>\n<div><strong>Klubbm\u00e4sterskap 1999 <\/strong><\/div>\n<div><\/div>\n<div>\n<table style=\"table-layout: fixed;\" border=\"0\" width=\"600\" cellspacing=\"0\" cellpadding=\"0\">\n<colgroup>\n<col width=\"20\" \/>\n<col width=\"30\" \/>\n<col width=\"20\" \/> <\/colgroup>\n<tbody>\n<tr>\n<td>\n<div>5 Feb 99<\/div>\n<div>1 Apr 99<\/div>\n<div>29 Maj 99<\/div>\n<div>16 Jun 99<\/div>\n<div>30 Jul 99<\/div>\n<div>5 Sep 99<\/div>\n<div>26 Okt 99<\/div>\n<\/td>\n<td>\n<div>Herr Michael Landot<\/div>\n<div>Herr Niklas Frost<\/div>\n<div>Herr G\u00f6ran Bengtsson<\/div>\n<div>Herr Bjarne Sj\u00f6<\/div>\n<div>Herr Peter Fridh<\/div>\n<div>Herr Bj\u00f6rn Gyllenski\u00f6ld<\/div>\n<div>Herr Lars-Johan Hallgren<\/div>\n<\/td>\n<td>\n<div>TP<\/div>\n<div>Schack<\/div>\n<div>Boule<\/div>\n<div>Bangolf<\/div>\n<div>Krocket<\/div>\n<div>Biljard<\/div>\n<div>Gocart<\/div>\n<\/td>\n<\/tr>\n<\/tbody>\n<\/table>\n<\/div>\n<div><\/div>\n<div><\/div>\n<div><strong>Klubbm\u00e4sterskap 1998 <\/strong><\/div>\n<div><\/div>\n<div>\n<table style=\"table-layout: fixed;\" border=\"0\" width=\"600\" cellspacing=\"0\" cellpadding=\"0\">\n<colgroup>\n<col width=\"20\" \/>\n<col width=\"30\" \/>\n<col width=\"20\" \/> <\/colgroup>\n<tbody>\n<tr>\n<td>\n<div>10 Jan 98<\/div>\n<div>7 Feb 98<\/div>\n<div>18 Apr 98<\/div>\n<div>20 Maj 98<\/div>\n<div>13 Jun 98<\/div>\n<div>24 Jul 98<\/div>\n<div>31 Okt 98<\/div>\n<div>27 Nov 98<\/div>\n<\/td>\n<td>\n<div>Herr Bj\u00f6rn Gyllenski\u00f6ld<\/div>\n<div>Herr Lars-Johan Hallgren<\/div>\n<div>Herr Bj\u00f6rn Gyllenski\u00f6ld<\/div>\n<div>Herr H\u00e5kan Norlander<\/div>\n<div>Bj\u00f6rn Gyllenski\u00f6ld<\/div>\n<div>Herr H\u00e5kan Norlander<\/div>\n<div>Herr Bjarne Sj\u00f6<\/div>\n<div>Herr Fredrik Guvek<\/div>\n<\/td>\n<td>\n<div>Bowling<\/div>\n<div>TP<\/div>\n<div>Biljard<\/div>\n<div>Dart<\/div>\n<div>Bangolf<\/div>\n<div>Boule<\/div>\n<div>Bordshockey<\/div>\n<div>Bowling<\/div>\n<\/td>\n<\/tr>\n<\/tbody>\n<\/table>\n<\/div>\n<div><\/div>\n<div><\/div>\n<div><strong>Klubbm\u00e4sterskap 1997 <\/strong><\/div>\n<div><\/div>\n<div>\n<table style=\"table-layout: fixed;\" border=\"0\" width=\"600\" cellspacing=\"0\" cellpadding=\"0\">\n<colgroup>\n<col width=\"20\" \/>\n<col width=\"30\" \/>\n<col width=\"20\" \/> <\/colgroup>\n<tbody>\n<tr>\n<td>\n<div>10 Jan 97<\/div>\n<div>21 Feb 97<\/div>\n<div>5 Apr 97<\/div>\n<div>31 Maj 97<\/div>\n<div>25 Jun 97<\/div>\n<div>29 Jul 97<\/div>\n<div>9 Sep 97<\/div>\n<div>22 Nov 97<\/div>\n<\/td>\n<td>\n<div>Herr Peter Fridh<\/div>\n<div>Herr Lars-Johan Hallgren<\/div>\n<div>Herr Bj\u00f6rn Gyllenski\u00f6ld<\/div>\n<div>Herr Bj\u00f6rn Gyllenski\u00f6ld<\/div>\n<div>Herr H\u00e5kan Norlander<\/div>\n<div>Herr Michael Landot<\/div>\n<div>Herr Bj\u00f6rn Gyllenski\u00f6ld<\/div>\n<div>Herr Patrik Johansson<\/div>\n<\/td>\n<td>\n<div>Schack<\/div>\n<div>TP<\/div>\n<div>Dart<\/div>\n<div>Biljard<\/div>\n<div>Bangolf<\/div>\n<div>Krocket<\/div>\n<div>Boule<\/div>\n<div>Bordshockey<\/div>\n<\/td>\n<\/tr>\n<\/tbody>\n<\/table>\n<\/div>\n<div><\/div>\n<div><\/div>\n<div><strong>Klubbm\u00e4sterskap 1996 <\/strong><\/div>\n<div><\/div>\n<div>\n<table style=\"table-layout: fixed;\" border=\"0\" width=\"600\" cellspacing=\"0\" cellpadding=\"0\">\n<colgroup>\n<col width=\"20\" \/>\n<col width=\"30\" \/>\n<col width=\"20\" \/> <\/colgroup>\n<tbody>\n<tr>\n<td>\n<div>10 Feb 96<\/div>\n<div>23 Mar 96<\/div>\n<div>4 Maj 96<\/div>\n<div>17 Aug 96<\/div>\n<div>9 Okt 96<\/div>\n<\/td>\n<td>\n<div>Herr Magnus Sj\u00f6\u00f6<\/div>\n<div>Herr Mats Lindberg<\/div>\n<div>Herr Patrik Johansson<\/div>\n<div>Herr H\u00e5kan Norlander<\/div>\n<div>Herr Mats Lindberg<\/div>\n<\/td>\n<td>\n<div>Dart<\/div>\n<div>Biljard<\/div>\n<div>Bordshockey<\/div>\n<div>Bangolf<\/div>\n<div>Bowling<\/div>\n<\/td>\n<\/tr>\n<\/tbody>\n<\/table>\n<\/div>\n<div>\n<p><strong>Klubbm\u00e4sterskap 1995 <\/strong><\/p>\n<\/div>\n<div><\/div>\n<div>\n<table style=\"table-layout: fixed;\" border=\"0\" width=\"600\" cellspacing=\"0\" cellpadding=\"0\">\n<colgroup>\n<col width=\"20\" \/>\n<col width=\"30\" \/>\n<col width=\"20\" \/> <\/colgroup>\n<tbody>\n<tr>\n<td>\n<div>13 Jan 95<\/div>\n<div>25 Feb 95<\/div>\n<div>3 Jun 95<\/div>\n<div>25 Okt 95<\/div>\n<div>3 Dec 95<\/div>\n<\/td>\n<td>\n<div>Herr Fredrik Ahlbertz<\/div>\n<div>Herr H\u00e5kan Norlander<\/div>\n<div>Herr Robert Lindberg<\/div>\n<div>Herr Peter Fridh<\/div>\n<div>Herr Bj\u00f6rn Gyllenski\u00f6ld<\/div>\n<\/td>\n<td>\n<div>Dart<\/div>\n<div>Bordshockey<\/div>\n<div>Bangolf<\/div>\n<div>TP<\/div>\n<div>Badminton<\/div>\n<\/td>\n<\/tr>\n<\/tbody>\n<\/table>\n<\/div>\n<div><\/div>\n<div><\/div>\n<div><strong>Klubbm\u00e4sterskap 1994 <\/strong><\/div>\n<div><\/div>\n<div>\n<table style=\"table-layout: fixed;\" border=\"0\" width=\"600\" cellspacing=\"0\" cellpadding=\"0\">\n<colgroup>\n<col width=\"20\" \/>\n<col width=\"30\" \/>\n<col width=\"20\" \/> <\/colgroup>\n<tbody>\n<tr>\n<td>\n<div>22 Oktober 1994<\/div>\n<\/td>\n<td>Patrik Johansson<\/td>\n<td>\n<div>Biljard<\/div>\n<\/td>\n<\/tr>\n<\/tbody>\n<\/table>\n<\/div>\n<\/div>\n<p>&nbsp;<\/p>\n<\/div>\n<\/div>\n","protected":false},"excerpt":{"rendered":"<p>Herrklubben Exotica, Malm\u00f6, startade sin verksamhet i Oktober 1994. Under de g\u00e5ngna \u00e5ren hur \u00e5tskilliga klubbm\u00e4sterskap, i allehanda sporter och aktiviteter, genomf\u00f6rts. Nedan finner ni samtliga Klubbm\u00e4stare sedan starten 1994. &hellip; <\/p>\n<p class=\"link-more\"><a href=\"https:\/\/www.herrklubbenexotica.se\/index.php\/premiering\/\" class=\"more-link\">Continue reading<span class=\"screen-reader-text\"> &#8220;Premiering&#8221;<\/span><\/a><\/p>\n","protected":false},"author":1,"featured_media":0,"parent":0,"menu_order":2,"comment_status":"closed","ping_status":"closed","template":"","meta":{"footnotes":""},"class_list":["post-42","page","type-page","status-publish","hentry"],"_links":{"self":[{"href":"https:\/\/www.herrklubbenexotica.se\/index.php\/wp-json\/wp\/v2\/pages\/42","targetHints":{"allow":["GET"]}}],"collection":[{"href":"https:\/\/www.herrklubbenexotica.se\/index.php\/wp-json\/wp\/v2\/pages"}],"about":[{"href":"https:\/\/www.herrklubbenexotica.se\/index.php\/wp-json\/wp\/v2\/types\/page"}],"author":[{"embeddable":true,"href":"https:\/\/www.herrklubbenexotica.se\/index.php\/wp-json\/wp\/v2\/users\/1"}],"replies":[{"embeddable":true,"href":"https:\/\/www.herrklubbenexotica.se\/index.php\/wp-json\/wp\/v2\/comments?post=42"}],"version-history":[{"count":3,"href":"https:\/\/www.herrklubbenexotica.se\/index.php\/wp-json\/wp\/v2\/pages\/42\/revisions"}],"predecessor-version":[{"id":1539,"href":"https:\/\/www.herrklubbenexotica.se\/index.php\/wp-json\/wp\/v2\/pages\/42\/revisions\/1539"}],"wp:attachment":[{"href":"https:\/\/www.herrklubbenexotica.se\/index.php\/wp-json\/wp\/v2\/media?parent=42"}],"curies":[{"name":"wp","href":"https:\/\/api.w.org\/{rel}","templated":true}]}}